{"id":85,"date":"2026-03-08T18:22:53","date_gmt":"2026-03-08T18:22:53","guid":{"rendered":"https:\/\/bergstrasse-steht-auf.de\/?page_id=85"},"modified":"2026-03-17T16:49:58","modified_gmt":"2026-03-17T16:49:58","slug":"ueber-uns","status":"publish","type":"page","link":"https:\/\/bergstrasse-steht-auf.de\/ueber-uns\/","title":{"rendered":"\u00dcber Uns"},"content":{"rendered":"\t\t<div data-elementor-type=\"wp-page\" data-elementor-id=\"85\" class=\"elementor elementor-85\">\n\t\t\t\t<div class=\"elementor-element elementor-element-78b03c3 e-con-full e-flex e-con e-parent\" data-id=\"78b03c3\" data-element_type=\"container\" data-e-type=\"container\">\n\t\t\t\t<div class=\"elementor-element elementor-element-759f301 elementor-widget elementor-widget-heading\" data-id=\"759f301\" data-element_type=\"widget\" data-e-type=\"widget\" data-widget_type=\"heading.default\">\n\t\t\t\t\t<h2 class=\"elementor-heading-title elementor-size-default\">\u00dcber Uns<\/h2>\t\t\t\t<\/div>\n\t\t<div class=\"elementor-element elementor-element-1729926 e-flex e-con-boxed e-con e-child\" data-id=\"1729926\" data-element_type=\"container\" data-e-type=\"container\">\n\t\t\t\t\t<div class=\"e-con-inner\">\n\t\t<div class=\"elementor-element elementor-element-9212594 e-con-full e-flex e-con e-child\" data-id=\"9212594\" data-element_type=\"container\" data-e-type=\"container\">\n\t\t\t\t<div class=\"elementor-element elementor-element-593bcc5 elementor-widget elementor-widget-text-editor\" data-id=\"593bcc5\" data-element_type=\"widget\" data-e-type=\"widget\" data-widget_type=\"text-editor.default\">\n\t\t\t\t\t\t\t\t\t<p>\u201eWir sind Menschen aus dem Kreis Bergstra\u00dfe &#8230; <br \/>wir sind Demokratinnen und Demokraten.<br \/><br \/>Wir sind eine friedliche Bewegung, in der Extremismus, Gewalt, Antisemitismus und menschenverachtendes Gedankengut keinen Platz haben.<br \/><br \/>Wir bestehen auf unsere Grundrechte, die Eigenverantwortung der Menschen f\u00fcr ihre Gesundheit und auf eine freie Meinungs\u00e4u\u00dferung.\u201c<\/p>\t\t\t\t\t\t\t\t<\/div>\n\t\t\t\t<\/div>\n\t\t<div class=\"elementor-element elementor-element-b887f90 e-con-full e-flex e-con e-child\" data-id=\"b887f90\" data-element_type=\"container\" data-e-type=\"container\">\n\t\t\t\t<div class=\"elementor-element elementor-element-29b58e4 elementor-widget elementor-widget-image\" data-id=\"29b58e4\" data-element_type=\"widget\" data-e-type=\"widget\" data-widget_type=\"image.default\">\n\t\t\t\t\t\t\t\t\t\t\t\t\t\t\t<img fetchpriority=\"high\" decoding=\"async\" width=\"769\" height=\"471\" src=\"https:\/\/bergstrasse-steht-auf.de\/wp-content\/uploads\/2026\/03\/BS-Treffen.png\" class=\"attachment-large size-large wp-image-91\" alt=\"\" srcset=\"https:\/\/bergstrasse-steht-auf.de\/wp-content\/uploads\/2026\/03\/BS-Treffen.png 769w, https:\/\/bergstrasse-steht-auf.de\/wp-content\/uploads\/2026\/03\/BS-Treffen-300x184.png 300w\" sizes=\"(max-width: 769px) 100vw, 769px\" \/>\t\t\t\t\t\t\t\t\t\t\t\t\t\t\t<\/div>\n\t\t\t\t<div class=\"elementor-element elementor-element-806a76c elementor-widget elementor-widget-image\" data-id=\"806a76c\" data-element_type=\"widget\" data-e-type=\"widget\" data-widget_type=\"image.default\">\n\t\t\t\t\t\t\t\t\t\t\t\t\t\t\t<img decoding=\"async\" width=\"742\" height=\"402\" src=\"https:\/\/bergstrasse-steht-auf.de\/wp-content\/uploads\/2026\/03\/BS-Treffen-2.png\" class=\"attachment-large size-large wp-image-96\" alt=\"\" srcset=\"https:\/\/bergstrasse-steht-auf.de\/wp-content\/uploads\/2026\/03\/BS-Treffen-2.png 742w, https:\/\/bergstrasse-steht-auf.de\/wp-content\/uploads\/2026\/03\/BS-Treffen-2-300x163.png 300w\" sizes=\"(max-width: 742px) 100vw, 742px\" \/>\t\t\t\t\t\t\t\t\t\t\t\t\t\t\t<\/div>\n\t\t\t\t<\/div>\n\t\t\t\t\t<\/div>\n\t\t\t\t<\/div>\n\t\t\t\t<\/div>\n\t\t\t\t<\/div>\n\t\t","protected":false},"excerpt":{"rendered":"<p>\u00dcber Uns \u201eWir sind Menschen aus dem Kreis Bergstra\u00dfe &#8230; wir sind Demokratinnen und Demokraten. Wir sind eine friedliche Bewegung, in der Extremismus, Gewalt, Antisemitismus und menschenverachtendes Gedankengut keinen Platz haben. Wir bestehen auf unsere Grundrechte, die Eigenverantwortung der Menschen f\u00fcr ihre Gesundheit und auf eine freie Meinungs\u00e4u\u00dferung.\u201c<\/p>\n","protected":false},"author":3,"featured_media":0,"parent":0,"menu_order":0,"comment_status":"closed","ping_status":"closed","template":"","meta":{"footnotes":""},"class_list":["post-85","page","type-page","status-publish","hentry","entry"],"_links":{"self":[{"href":"https:\/\/bergstrasse-steht-auf.de\/wp-json\/wp\/v2\/pages\/85","targetHints":{"allow":["GET"]}}],"collection":[{"href":"https:\/\/bergstrasse-steht-auf.de\/wp-json\/wp\/v2\/pages"}],"about":[{"href":"https:\/\/bergstrasse-steht-auf.de\/wp-json\/wp\/v2\/types\/page"}],"author":[{"embeddable":true,"href":"https:\/\/bergstrasse-steht-auf.de\/wp-json\/wp\/v2\/users\/3"}],"replies":[{"embeddable":true,"href":"https:\/\/bergstrasse-steht-auf.de\/wp-json\/wp\/v2\/comments?post=85"}],"version-history":[{"count":16,"href":"https:\/\/bergstrasse-steht-auf.de\/wp-json\/wp\/v2\/pages\/85\/revisions"}],"predecessor-version":[{"id":250,"href":"https:\/\/bergstrasse-steht-auf.de\/wp-json\/wp\/v2\/pages\/85\/revisions\/250"}],"wp:attachment":[{"href":"https:\/\/bergstrasse-steht-auf.de\/wp-json\/wp\/v2\/media?parent=85"}],"curies":[{"name":"wp","href":"https:\/\/api.w.org\/{rel}","templated":true}]}}